)). Suppose 0 = -o*d + 7*b - 2*b + 219, 0 = 2*d - 2*b - 110. What is the tens digit of d?
5
What is the units digit of 2/(1/(-8)*-2)?
8
Let x(j) = 2*j**2 - 2*j + 9. What is the units digit of x(6)?
9
Let z(v) = -79*v**3 + 2*v**2 + 4*v + 2. What is the tens digit of z(-1)?
7
Let w(g) = -g**2 + g + 4. Let b be w(6). Let o = 58 + b. Suppose -2 + o = 3*n. What is the tens digit of n?
1
Suppose m + 8 = 5*m. Let f = m + 1. What is the units digit of f?
3
Suppose -3*x = -41 - 28. Let p = -14 + x. Suppose 0*k - p = -3*k. What is the units digit of k?
3
Suppose 2*x = x + 6. Suppose -3*s = -x, 3 = d - 3*s - 0. What is the units digit of d?
9
Let f = -24 + 73. What is the units digit of f?
9
Suppose 0*j - 55 = 5*j. Let v(o) = o + 24. What is the tens digit of v(j)?
1
Let m(y) = -9 + 3*y + 2*y + 2*y - y**3 - 6*y + 7*y**2. Let t be m(7). Let q(c) = -2*c**3 - c**2 + c + 2. What is the units digit of q(t)?
2
Suppose -10*l = -7*l - 192. What is the units digit of l?
4
Let g(w) = -w**2 - 7*w + 6 + 7*w**2 - 2*w**3 + 3*w**3. What is the units digit of g(-7)?
6
Suppose p = -5*p + 30. What is the units digit of p?
5
Suppose d - 2 = -0*d. Let y(q) = 0*q**d - 1 - 2*q - 2 + q**2. What is the tens digit of y(5)?
1
Suppose 729 - 134 = 7*a. What is the units digit of a?
5
Suppose 81 = 3*l + 2*t + 3*t, 3*t + 9 = 0. What is the units digit of l?
2
Let j(s) = s**3 + s**2 + s + 1. Let o be j(0). Let x(l) = l. What is the units digit of x(o)?
1
Suppose 0 = 3*b - 3*m - 1230, 3*b - 779 = 2*m + 451. What is the tens digit of b?
1
Let m(s) = 9*s + 16. What is the units digit of m(5)?
1
Let x be -3 - 7*(-4)/4. Suppose x*t - 49 = -3*r, t - 3*r = -r + 4. What is the tens digit of t?
1
Suppose 5*x = 21 - 6. Suppose 6 = -2*h + 2*g, -2*g - x*g = 5*h - 25. What is the units digit of h?
1
Suppose -3*n + 525 = -225. Suppose x - 6*x = -n. What is the units digit of x?
0
Let a(h) = h**2 - 8*h + 10. What is the tens digit of a(9)?
1
Let s be (2/4)/((-6)/(-48)). Suppose -b + 1 = a, -a - 5*b = -s*a + 11. What is the units digit of a?
2
Suppose -55 = -s + 17. What is the tens digit of s?
7
Let t(k) = 4*k - 2*k - 3*k - 5. Let o be t(0). Let j = 2 - o. What is the units digit of j?
7
Let b(d) = 3*d**2 + 7*d + 17. What is the units digit of b(-4)?
7
Suppose 24 = -s - 0*c + 3*c, 3*s + c = -22. Let w = s - -20. What is the tens digit of w?
1
Let u be 34/8 - (-3)/(-12). Suppose 5*m - 2*h - 48 + 13 = 0, -4*m = u*h. What is the units digit of m?
5
Suppose -4*x = w - 3 - 0, -5*w - 45 = 5*x. Let b = w - -27. What is the tens digit of b?
1
Suppose 5*z = -y + 394, -2*z + 2*y - 6*y + 172 = 0. What is the units digit of z?
8
Suppose -2*m + 7 = 1. What is the tens digit of 13 + m + -1 + -2?
1
What is the hundreds digit of (-208 - -1)*(2 + (6 - 9))?
2
Let t(q) be the third derivative of 5*q**4/24 - 2*q**3/3 + 2*q**2. Let x be t(4). Suppose 0 = 2*v - 0 - x. What is the units digit of v?
8
Let z(t) = 6*t**2 - 9*t**2 - 4*t - 2*t**2 + 2*t**3 + 4. What is the units digit of z(4)?
6
Let x = 1 + -1. Let r = x + -2. What is the units digit of ((-4)/(-12))/(r/(-18))?
3
Suppose -21 = -3*i + 51. What is the units digit of i?
4
Suppose 2*t = 4*o - 314, 2*t + 233 = 3*o + t. What is the units digit of o?
6
Let x be (-2)/(-8) + 39/4. Let s = 5 + -6. What is the units digit of s/(0 - -1) + x?
9
Suppose -2*y - 2*y - 4 = 0. Let a(k) = -12*k**3 - k**2. What is the units digit of a(y)?
1
Let a = 90 + -69. What is the tens digit of a?
2
Let s = 54 + -143. What is the tens digit of s/(-7) - (-4)/14?
1
Let g = 12 + -8. Suppose 2*z = u + 10 + 12, 0 = g*z - 5*u - 44. What is the units digit of z?
1
What is the tens digit of 58/(-3 + 1 + 4)?
2
Let d(s) = 9*s**2 + s**3 + 3*s + 0*s + 4*s. What is the units digit of d(-8)?
8
Let h = -10 - -10. Suppose -w + 14 = -h*w. What is the units digit of w?
4
Suppose 4*b - d = -0*b + 914, 4*b + 4*d - 924 = 0. What is the units digit of b?
9
Suppose 33 = 3*h - 3*l - 2*l, -5*h + 3*l = -39. What is the units digit of h?
6
Suppose 5*m - 450 = -125. Let y = -43 + m. What is the units digit of y?
2
Suppose -3*o + 4*l + 181 = 0, -2*o + 5*l + 176 = o. What is the units digit of o?
7
Suppose -3 = -3*j + 3, 0 = -2*v - 2*j + 12. Let g(f) = f**3 - 3*f**2 - 4*f - 1. Let k be g(v). Let b = 2 - k. What is the units digit of b?
3
Suppose -4 = -n + 14. What is the units digit of 27/n*8/6?
2
Suppose 6 = -2*m - 0*x + 2*x, 5*x - 15 = -2*m. Suppose m = -2*y - 0 + 6. What is the units digit of y?
3
Let d = 33 + 6. What is the tens digit of d?
3
Let h(d) = -d**3 + 8*d**2 - 6*d - 2. What is the units digit of h(7)?
5
Let r be (2/(-3))/((-2)/12). Suppose -3*p + r*o + 71 = 0, -20 - 5 = 5*o. What is the tens digit of p?
1
Let t(i) = 4 + 2*i + i**2 - 2 + i**2 - 3*i**2. What is the units digit of t(2)?
2
Let y = 6 - 15. Let b = y + 23. What is the units digit of b?
4
Let t = 9 + -3. Let y be (-5)/(-30) + 359/t. Suppose 5*k = 2*c + 68, -k - y = -5*k - 4*c. What is the units digit of k?
4
Let a(q) = -q - 2. Let c be a(-1). What is the units digit of 7 + c/1*-1?
8
Let i = 7 + 3. Suppose 5*s = 5 + i. What is the units digit of s?
3
Suppose -126 = -v - 0*v. What is the tens digit of v?
2
Suppose 0 = 4*v - h + 105, -5*h + 93 = -4*v - 0*h. Let g = 38 + v. What is the tens digit of g?
1
Suppose 3*j - 16*j = -5538. What is the tens digit of j?
2
Let w be 6/(0 - (3 - 2)). Let y be 2/((-8)/w)*2. Suppose f + 29 = y*f + 3*k, -4*f + k = -23. What is the units digit of f?
7
Let n(w) = -w**2 + 6*w. Let p be n(4). Suppose -6*t + 4*t = -2*d + 2, 2*t = p. Suppose d*m - 28 = -8. What is the units digit of m?
4
Suppose 0 = m + 3*m - 28. Suppose 1 = -r - m. Let o = 17 + r. What is the units digit of o?
9
Suppose 56 = 5*g - 39. What is the units digit of g?
9
Let a = 8 - 5. Suppose -a*k + 2 = -4. Suppose 7*c - k*c = 4*z + 6, 2*c + 4*z = 8. What is the units digit of c?
2
Let g(x) = x**3 - 6*x**2 - 6*x - 5. Let b be g(7). Suppose -4*f + 6 = b. What is the units digit of f?
1
Suppose -4*s + 22 = -2*d, -2*s + 1 = 3*d + 10. Suppose -4*b + 0*w + w = -94, -s*w = -b + 18. What is the tens digit of b?
2
Let l(t) = -t**3 - 3*t**2 - t - 1. Let f be l(-3). Suppose g - f*g + 8 = 4*m, 4*g = -3*m + 58. What is the tens digit of g?
1
Suppose d - 2 = -4. Let a be ((-3)/d)/((-1)/(-4)). Let h = a + -1. What is the units digit of h?
5
Suppose -10 + 0 = -2*g. Suppose -36 = -2*f - g*c + 2*c, -5*c = 2*f - 40. What is the units digit of f?
5
Suppose -1130 = -12*c + 2*c. What is the units digit of c?
3
Let l = 6 + -3. Suppose 4*m = m - 2*k + 40, -k - 34 = -l*m. What is the units digit of m?
2
Let r(v) = 11 - 3*v - 3*v + 5*v. Let o be r(5). What is the units digit of ((-2)/o)/((-1)/12)?
4
Suppose -2*c + 24 = 2*z - 4, -5*z = 3*c - 46. Suppose o - 4*o = -c. What is the units digit of o?
4
Let a = 264 + -136. What is the tens digit of a?
2
Suppose -12 = 4*p - 2*d, 3*d - 3 = 9. Let i(u) = -3*u - 1. What is the units digit of i(p)?
2
Suppose 4*h - b + 44 = 0, 0*b - b + 4 = 0. Let u(k) = k**3 + 11*k**2 + 12*k - 12. Let q be u(h). Let y = 47 + q. What is the tens digit of y?
1
Suppose -4*w = -7*w + 42. Let c = w - 23. What is the units digit of (-16)/c + 6/27?
2
Let x be -1*(-3 - 0) - 20. What is the units digit of x/(-3) + 7/21?
6
Let p(v) = -v**2 + 12*v - 15. Suppose 4*k + 36 = 2*o, -4*o + 3*k + 52 = -0*o. What is the units digit of p(o)?
5
What is the tens digit of 78/(-39) - 13*(-4 - 0)?
5
Suppose -30 = b + 5*k - 10, -b + 5*k + 10 = 0. Let s = b - -9. What is the units digit of s?
4
Suppose -4*h - k + 0*k = -276, 0 = -2*k. What is the units digit of h?
9
Let m be ((-4)/(-10))/(1/(-10)). Let o be (m/(-10))/(6/30). What is the units digit of o/((-2)/2) + 7?
5
Let s be -1 - (1 + -1 - 3). Suppose s = -2*x + 3*x. What is the units digit of x?
2
Let k = -92 - -166. What is the tens digit of k?
7
Let t be (-1)/((1*2)/(-2)). Suppose s + 2*s = -6. Let f = t - s. What is the units digit of f?
3
What is the tens digit of (-8)/(-28) + 102/(-21)*-9?
4
Suppose 4*f - 40 = 32. What is the tens digit of f?
1
Suppose d + d + 42 = 0. Let r = 22 + d. What is the units digit of r?
1
Let m = 73 + -14. Let t = m - 8. What is the tens digit of t?
5
Let q = -25 + 18. What is the tens digit of (q/3)/((-5)/30)?
1
Suppose 0 = 3*u - 4*u + 8. What is the units digit of u?
8
Let o(r) = -19*r**3 + r**2 